Let v(b) = -b**3 - 2*b**2 + 10*b + 8. Let c be (-84)/10 + -12*(-7)/210. What are the prime factors of v(c)?
2, 3, 13
Let z(y) be the second derivative of 3*y**5/20 - y**4/12 - y**3/6 - 5*y**2/2 - y. Let d(j) = -4*j - 181. Let v be d(-46). List the prime factors of z(v).
2
Suppose -18 - 6 = 12*j. List the prime factors of (-3 - 22/(-4))/(j/(-80)).
2, 5
Let s = -377 - -4506. List the prime factors of s.
4129
Suppose -2*k + 2*z + 241 + 609 = 0, -2*k + 840 = 3*z. Suppose -2*g - 3*g = 0. Suppose -4*m + 421 = 3*s, -k = -4*m - g*s - s. List the prime factors of m.
2, 53
Let m = -8192 + 10120. What are the prime factors of m?
2, 241
Let d be (-1)/((1 + 1)/(-238)). Suppose -88*v = 114*v - 1010. Suppose -v*a - 79 = -p, -a = -2*p - 4*a + d. What are the prime factors of p?
2
Suppose -346*s - 85 = -351*s. Suppose -2*t - j = -2049, 3*t - s*j + 13*j = 3079. List the prime factors of t.
5, 41
Suppose -5*l + 14970 = -5*p, 3*l - 16*p - 8982 = -14*p. What are the prime factors of l?
2, 3, 499
Suppose -2*g - 5*z = -7*g + 2120, 4*g = 2*z + 1688. Suppose -2*o = 8*o - g. Suppose 194 - o = 4*j. List the prime factors of j.
2, 19
Let y(z) = z**3 - 2*z**2 - 3*z - 17. Let w be y(5). Suppose i = 3*a - 136, -5*i - 109 = -3*a + w. List the prime factors of a.
2, 11
Suppose -4 = -o, -491 = -3*y + 4*o - 0*o. Let j(w) = -2*w + 26. Let q be j(-13). Let u = y - q. What are the prime factors of u?
3, 13
Let x(r) be the first derivative of 5*r**3/3 + 11*r**2 - 14*r + 43. List the prime factors of x(-10).
2, 7, 19
Let t(a) = -a - 1. Let z(k) = k**3 - 11*k**2 - 7*k + 7. Let h(u) = -5*t(u) - z(u). What are the prime factors of h(7)?
2, 139
Let j(x) = 103*x - 35. Let p be j(-10). Let m = -539 - p. What are the prime factors of m?
2, 263
Suppose -18 = -2*j - 20. List the prime factors of j/(-3 + 4)*5*-29.
5, 29
Suppose 4*z + 4*l + 128 = 0, -5*z = -l + 3*l + 172. What are the prime factors of (z/(-2))/((-4)/(-40))?
2, 3, 5
List the prime factors of 1/3 - -6*(-1139634)/(-162).
42209
Suppose -3*d + 39425 - 6988 = -30203. What are the prime factors of d?
2, 3, 5, 29
Suppose -3*s + 6 = 0, n - 35 - 11 = 3*s. Let z = 54 - n. Suppose z*p + d = 234, 2*p - 103 = 5*d + 131. List the prime factors of p.
3, 13
Let z be (-1 - 11364/14) + (-158)/553. List the prime factors of (z/(-15) + -1)/(8/20).
7, 19
Let l be (-4)/(((-7)/31)/(-7)). List the prime factors of l/(-3)*3/2.
2, 31
Let f = 41 + 0. Let h(c) = 19 - 10*c + 0 - f. What are the prime factors of h(-7)?
2, 3
Let r(l) = 7*l + 1. Suppose 3*n + 5*x = -1, -3 = 3*x + 3. Suppose -7*o + n = -11. List the prime factors of r(o).
3, 5
Suppose 42171 = 21*k - 351180. What are the prime factors of k?
18731
Suppose -3*n - 86 = -t, -61 = 4*n - 5*t + 50. What are the prime factors of ((-2)/6)/(n/53331)?
613
Let q be 4/(-5) - (-3 + (-98)/10). Suppose -q*r + 80 = -8*r. Suppose 500 = 5*y + o + r, -2*y - 5*o + 192 = 0. List the prime factors of y.
2, 3
Suppose 63759 + 66663 = 17*p + 28456. What are the prime factors of p?
2, 2999
Suppose -i + 644 + 4601 = 2*m, 4*m = -4*i + 21004. What are the prime factors of i?
7, 751
Let m(w) be the first derivative of w**4/4 + w**3/3 - 3*w**2 - 8*w + 24. What are the prime factors of m(6)?
2, 13
Suppose -j + 6870 = -4*y + 3*y, -4*j + 27516 = 5*y. What are the prime factors of (j/35)/(-1 - (-28)/20)?
491
Let u(r) = -47*r + 191. Let m be u(4). Suppose m*f + 5 = 4*f, -h + 1240 = f. List the prime factors of h.
5, 13, 19
What are the prime factors of 99/(1 - -10) - -34830?
3, 7, 79
Suppose 19*q = 216 + 525. What are the prime factors of ((-20)/(-4) - q)*-8?
2, 17
Suppose -5*f - p + 4*p - 350 = 0, 0 = 3*f - 4*p + 221. Suppose 3*g - x = -293, -2*g + 4*x + 125 = 327. Let j = f - g. What are the prime factors of j?
2, 3, 5
Suppose -139 = 2*a - 8*s + 3*s, -2*a = s + 145. Let i = a + 74. Suppose 4*x - 175 = 5*b, -2*b + 120 = 2*x + i*b. List the prime factors of x.
2, 5
Let n be ((-126)/(-10))/(11/(-385)). Let z = 474 - n. What are the prime factors of z?
3, 5, 61
Let s(b) = 6*b**2 - 50*b - 11. Let n be s(8). Let a = -23 - n. Suppose 409 = 4*d - f, -a*f + 283 = 5*d - 2*d. What are the prime factors of d?
101
Let h(d) = 15884*d + 203. What are the prime factors of h(2)?
3, 10657
Let d(z) = z**3 + z**2 - 14*z - 8. Let u be d(7). Suppose 279*n - u*n + 6678 = 0. List the prime factors of n.
2, 3, 53
Let z(l) = l**3 - 16*l**2 + 8*l - 14. Let s be z(17). Suppose j = -c + s, -2*c + 1231 = 3*j + 2*c. List the prime factors of j.
7, 59
What are the prime factors of (5 - (18 + -4)) + 36*414?
3, 5, 331
Suppose -3 = 22*u - 21*u. Let h be u - -7 - (-11 - 1). Suppose h*p = 20*p - 596. List the prime factors of p.
149
Suppose -745*w + 80072 = -737*w. List the prime factors of w.
10009
Let x be (3/(-4))/(-4 - 2129/(-532)). Let f = 96 - x. List the prime factors of f.
3, 5, 11
Let s be 3 - (23 + -18 - 2/1). Suppose 5*l + 3303 = 3*z, s = 4*z - 16*l + 18*l - 4378. What are the prime factors of z?
2, 137
Suppose -8*i + 4*i + 8 = 0. Suppose -4*t = -3*z - 7, -2*t = -4*z - 2 - 14. What are the prime factors of (-8)/i - (t + -17)?
3, 5
Let k be -2*(-6 + 375/(-10)). Suppose 0 = -5*i + 5*l + 1862 - k, 0 = 2*l - 4. List the prime factors of i.
3, 7, 17
Suppose 5*d = 4*h - 300588, 388649 = 4*h - 4*d + 88061. What are the prime factors of h?
3, 37, 677
Suppose -10 - 8 = -z. Let o(g) = -g**2 + 20*g - 12. Let c be o(z). Suppose -25*l + 104 = -c*l. What are the prime factors of l?
2, 13
Let c = 219 + 253. List the prime factors of c/(-6)*48/(-32).
2, 59
Let j = -731 + 2039. Suppose 266*q - 264*q - j = 0. List the prime factors of q.
2, 3, 109
Suppose -69 = 2*a - 5*a. Let w be (-2)/(-65) - (-530346)/10205. Let t = w - a. What are the prime factors of t?
29
Let u = -2135 - -1180. Let x = 2353 + u. List the prime factors of x.
2, 3, 233
Suppose 9 = 5*n + 29, -5*n - 11 = -3*j. Let l = j + 82. Suppose l - 241 = -3*u. List the prime factors of u.
2, 3
Suppose 490061 + 8260876 = 172*i - 3832411. What are the prime factors of i?
149, 491
Suppose 0 = -5*t - 35, b = 4*t + 3985 + 1477. What are the prime factors of b?
2, 11, 13, 19
Let n(s) = 31*s**2 - 148*s + 30. List the prime factors of n(25).
3, 5, 349
Suppose 10*f = 12*f - 8. Suppose 2*d - 770 = -4*i, -i + f*i - 765 = -2*d. Let l = d + -157. What are the prime factors of l?
2, 109
Let y = 52679 + 1257. What are the prime factors of y?
2, 3371
List the prime factors of 4/(-26) + 2*223230/260.
17, 101
Let i(k) = k**3 + 20*k**2 - 26*k - 40. List the prime factors of i(-20).
2, 3, 5
Suppose -89 = -4*l - 97. List the prime factors of (1272 - (-6 + (l - -14))) + -3.
3, 421
Let o be 2425/(-5)*((-18)/(-5) + 0). Let v = -1173 - o. Suppose 2*b - 5*b = -v. What are the prime factors of b?
191
Let p = -40323 + 69609. List the prime factors of p.
2, 3, 1627
Let j be ((-1832)/(-3))/(3 - (-28)/(-12)). Suppose 3482 = 6*w - j. What are the prime factors of w?
733
Let l(b) = -522*b + 2212. What are the prime factors of l(-16)?
2, 19, 139
Let h = -182 - -183. List the prime factors of 4*(-15)/h*(-11)/2.
2, 3, 5, 11
Let k(t) = -18*t + 125. Let m be k(6). Let z = 243 - m. List the prime factors of z.
2, 113
Let o(a) = 27 + 6*a + 0*a - 10. Let m be (12/14)/(5/35). List the prime factors of o(m).
53
Let m(i) = 2*i**2 + 11*i - 5. Let v be m(-9). Let p = 108 + -69. Let l = v + p. What are the prime factors of l?
97
Suppose -4*y + 2*z + 84112 = 0, -3*y + 63045 = -7*z + 12*z. List the prime factors of y.
5, 29
Suppose -1356*q = -1334*q - 746460. What are the prime factors of q?
2, 3, 5, 13, 29
Let t be (0 + -1)/((-2)/28). Suppose 0 = 37*b + 377*b - 44*b - 137640. Suppose 0 = t*f - 496 - b. What are the prime factors of f?
2, 31
Let i(f) = 2*f**2 - 35*f - 52. Let q be 2/((-2)/4 + (-29)/(-50)). List the prime factors of i(q).
17, 19
Suppose -77*s - 21*s + 384490 = -275638. What are the prime factors of s?
2, 421
Suppose 5*p - 3*o + 18 = 23, 3*o - 3 = 3*p. Suppose -p*m = 1239 - 5307. What are the prime factors of m?
3, 113
Suppose -4*j = -42 + 38. Let p be ((-3)/(j + 8))/((-2)/(-78)). Let i = p + 29. List the prime factors of i.
2
Suppose -180 = 5*j - 4*s, -4*j = -2*s + 47 + 97. Suppose -229 + 684 = 5*d. Let f = j + d. List the prime factors of f.
5, 11
Let d(c) = 2*c**2 - 15*c + 20. Let q be d(7). Suppose q*t + 150 = 19*t. Suppose 2 = 3*g - 5*f -